CRAN Package Check Results for Package graphTweets

Last updated on 2024-12-19 23:50:34 CET.

Flavor Version Tinstall Tcheck Ttotal Status Flags
r-devel-linux-x86_64-debian-clang 0.5.3 4.02 36.02 40.04 OK
r-devel-linux-x86_64-debian-gcc 0.5.3 3.18 26.80 29.98 OK
r-devel-linux-x86_64-fedora-clang 0.5.3 66.13 NOTE
r-devel-linux-x86_64-fedora-gcc 0.5.3 61.25 NOTE
r-devel-windows-x86_64 0.5.3 6.00 57.00 63.00 OK
r-patched-linux-x86_64 0.5.3 4.19 34.64 38.83 OK
r-release-linux-x86_64 0.5.3 3.14 33.97 37.11 OK
r-release-macos-arm64 0.5.3 24.00 OK
r-release-macos-x86_64 0.5.3 34.00 OK
r-release-windows-x86_64 0.5.3 6.00 55.00 61.00 OK
r-oldrel-macos-arm64 0.5.3 24.00 OK
r-oldrel-macos-x86_64 0.5.3 34.00 OK
r-oldrel-windows-x86_64 0.5.3 7.00 63.00 70.00 OK

Check Details

Version: 0.5.3
Check: dependencies in R code
Result: NOTE Namespace in Imports field not imported from: ‘utils’ All declared Imports should be used. Flavors: r-devel-linux-x86_64-fedora-clang, r-devel-linux-x86_64-fedora-gcc