Last updated on 2024-12-19 23:50:34 CET.
Flavor | Version | Tinstall | Tcheck | Ttotal | Status | Flags |
---|---|---|---|---|---|---|
r-devel-linux-x86_64-debian-clang | 1.1 | 216.29 | 35.00 | 251.29 | OK | |
r-devel-linux-x86_64-debian-gcc | 1.1 | 136.59 | 23.22 | 159.81 | OK | |
r-devel-linux-x86_64-fedora-clang | 1.1 | 546.68 | OK | |||
r-devel-linux-x86_64-fedora-gcc | 1.1 | 515.21 | OK | |||
r-devel-windows-x86_64 | 1.1 | 216.00 | 81.00 | 297.00 | OK | |
r-patched-linux-x86_64 | 1.1 | 193.68 | 28.86 | 222.54 | OK | |
r-release-linux-x86_64 | 1.1 | 192.15 | 29.24 | 221.39 | OK | |
r-release-macos-arm64 | 1.1 | 82.00 | NOTE | |||
r-release-macos-x86_64 | 1.1 | 105.00 | NOTE | |||
r-release-windows-x86_64 | 1.1 | 212.00 | 74.00 | 286.00 | OK | |
r-oldrel-macos-arm64 | 1.1 | 90.00 | NOTE | |||
r-oldrel-macos-x86_64 | 1.1 | 102.00 | NOTE | |||
r-oldrel-windows-x86_64 | 1.1 | 260.00 | 83.00 | 343.00 | OK |
Version: 1.1
Check: installed package size
Result: NOTE
installed size is 5.9Mb
sub-directories of 1Mb or more:
libs 5.8Mb
Flavors: r-release-macos-arm64, r-release-macos-x86_64, r-oldrel-macos-arm64, r-oldrel-macos-x86_64