Last updated on 2024-12-19 23:50:34 CET.
Flavor | Version | Tinstall | Tcheck | Ttotal | Status | Flags |
---|---|---|---|---|---|---|
r-devel-linux-x86_64-debian-gcc | 0.2.0 | 5.98 | 59.90 | 65.88 | OK | |
r-devel-linux-x86_64-fedora-clang | 0.2.0 | 135.67 | OK | |||
r-devel-linux-x86_64-fedora-gcc | 0.2.0 | 154.84 | OK | |||
r-devel-windows-x86_64 | 0.2.0 | 27.00 | 331.00 | 358.00 | OK | |
r-release-linux-x86_64 | 0.2.0 | 8.05 | 74.81 | 82.86 | OK | |
r-release-macos-arm64 | 0.2.0 | 51.00 | OK | |||
r-release-macos-x86_64 | 0.2.0 | 91.00 | OK | |||
r-oldrel-macos-arm64 | 0.2.0 | 60.00 | NOTE | |||
r-oldrel-macos-x86_64 | 0.2.0 | 105.00 | NOTE |
Version: 0.2.0
Check: R code for possible problems
Result: NOTE
jagam2greta: no visible global function definition for ‘%||%’
Undefined global functions or variables:
%||%
Flavors: r-oldrel-macos-arm64, r-oldrel-macos-x86_64