Last updated on 2024-12-19 23:50:35 CET.
Flavor | Version | Tinstall | Tcheck | Ttotal | Status | Flags |
---|---|---|---|---|---|---|
r-devel-linux-x86_64-debian-clang | 0.16 | 189.49 | 110.79 | 300.28 | OK | |
r-devel-linux-x86_64-debian-gcc | 0.16 | 149.23 | 71.04 | 220.27 | OK | |
r-devel-linux-x86_64-fedora-clang | 0.16 | 529.21 | OK | |||
r-devel-linux-x86_64-fedora-gcc | 0.16 | 599.44 | OK | |||
r-devel-windows-x86_64 | 0.16 | 189.00 | 149.00 | 338.00 | OK | |
r-patched-linux-x86_64 | 0.16 | 201.08 | 102.28 | 303.36 | OK | |
r-release-linux-x86_64 | 0.16 | 190.35 | 101.21 | 291.56 | OK | |
r-release-macos-arm64 | 0.16 | 118.00 | NOTE | |||
r-release-macos-x86_64 | 0.16 | 145.00 | NOTE | |||
r-release-windows-x86_64 | 0.16 | 187.00 | 142.00 | 329.00 | OK | |
r-oldrel-macos-arm64 | 0.16 | 127.00 | NOTE | |||
r-oldrel-macos-x86_64 | 0.16 | 178.00 | NOTE | |||
r-oldrel-windows-x86_64 | 0.16 | 226.00 | 179.00 | 405.00 | OK |
Version: 0.16
Check: installed package size
Result: NOTE
installed size is 13.3Mb
sub-directories of 1Mb or more:
libs 12.8Mb
Flavors: r-release-macos-arm64, r-release-macos-x86_64, r-oldrel-macos-arm64, r-oldrel-macos-x86_64