CRAN Package Check Results for Package gsloid

Last updated on 2024-12-19 23:50:35 CET.

Flavor Version Tinstall Tcheck Ttotal Status Flags
r-devel-linux-x86_64-debian-clang 0.2.0 1.58 26.11 27.69 NOTE
r-devel-linux-x86_64-debian-gcc 0.2.0 1.15 21.22 22.37 NOTE
r-devel-linux-x86_64-fedora-clang 0.2.0 46.02 NOTE
r-devel-linux-x86_64-fedora-gcc 0.2.0 56.53 NOTE
r-devel-windows-x86_64 0.2.0 2.00 50.00 52.00 NOTE
r-patched-linux-x86_64 0.2.0 1.57 24.81 26.38 NOTE
r-release-linux-x86_64 0.2.0 1.56 25.52 27.08 NOTE
r-release-macos-arm64 0.2.0 23.00 NOTE
r-release-macos-x86_64 0.2.0 34.00 NOTE
r-release-windows-x86_64 0.2.0 4.00 54.00 58.00 NOTE
r-oldrel-macos-arm64 0.2.0 24.00 OK
r-oldrel-macos-x86_64 0.2.0 35.00 OK
r-oldrel-windows-x86_64 0.2.0 2.00 48.00 50.00 OK

Check Details

Version: 0.2.0
Check: Rd files
Result: NOTE checkRd: (-1) lisiecki2005.Rd:21: Lost braces in \itemize; meant \describe ? checkRd: (-1) lisiecki2005.Rd:22: Lost braces in \itemize; meant \describe ? checkRd: (-1) lisiecki2005.Rd:23: Lost braces in \itemize; meant \describe ? checkRd: (-1) spratt2016.Rd:21: Lost braces in \itemize; meant \describe ? checkRd: (-1) spratt2016.Rd:22: Lost braces in \itemize; meant \describe ? checkRd: (-1) spratt2016.Rd:23: Lost braces in \itemize; meant \describe ? checkRd: (-1) spratt2016.Rd:24: Lost braces in \itemize; meant \describe ? checkRd: (-1) spratt2016.Rd:25: Lost braces in \itemize; meant \describe ? checkRd: (-1) spratt2016.Rd:26: Lost braces in \itemize; meant \describe ? checkRd: (-1) spratt2016.Rd:27: Lost braces in \itemize; meant \describe ? checkRd: (-1) spratt2016.Rd:28: Lost braces in \itemize; meant \describe ? checkRd: (-1) spratt2016.Rd:29: Lost braces in \itemize; meant \describe ? Flavors: r-devel-linux-x86_64-debian-clang, r-devel-linux-x86_64-debian-gcc, r-devel-linux-x86_64-fedora-clang, r-devel-linux-x86_64-fedora-gcc, r-devel-windows-x86_64, r-patched-linux-x86_64, r-release-linux-x86_64, r-release-macos-arm64, r-release-macos-x86_64, r-release-windows-x86_64