Last updated on 2024-12-19 23:50:35 CET.
Flavor | Version | Tinstall | Tcheck | Ttotal | Status | Flags |
---|---|---|---|---|---|---|
r-devel-linux-x86_64-debian-clang | 0.1.3 | 19.62 | 67.18 | 86.80 | OK | |
r-devel-linux-x86_64-debian-gcc | 0.1.3 | 13.75 | 50.76 | 64.51 | OK | |
r-devel-linux-x86_64-fedora-clang | 0.1.3 | 138.84 | NOTE | |||
r-devel-linux-x86_64-fedora-gcc | 0.1.3 | 134.04 | NOTE | |||
r-devel-windows-x86_64 | 0.1.3 | 22.00 | 96.00 | 118.00 | OK | |
r-patched-linux-x86_64 | 0.1.3 | 19.56 | 64.09 | 83.65 | OK | |
r-release-linux-x86_64 | 0.1.3 | 19.02 | 63.41 | 82.43 | OK | |
r-release-macos-arm64 | 0.1.3 | 44.00 | OK | |||
r-release-macos-x86_64 | 0.1.3 | 71.00 | OK | |||
r-release-windows-x86_64 | 0.1.3 | 22.00 | 93.00 | 115.00 | OK | |
r-oldrel-macos-arm64 | 0.1.3 | 43.00 | OK | |||
r-oldrel-macos-x86_64 | 0.1.3 | 69.00 | OK | |||
r-oldrel-windows-x86_64 | 0.1.3 | 32.00 | 112.00 | 144.00 | OK |
Version: 0.1.3
Check: dependencies in R code
Result: NOTE
Namespaces in Imports field not imported from:
‘DT’ ‘attempt’ ‘corpcor’ ‘glue’ ‘htmltools’ ‘pkgload’ ‘processx’
‘tools’
All declared Imports should be used.
Flavors: r-devel-linux-x86_64-fedora-clang, r-devel-linux-x86_64-fedora-gcc