Last updated on 2024-12-19 23:50:35 CET.
Flavor | Version | Tinstall | Tcheck | Ttotal | Status | Flags |
---|---|---|---|---|---|---|
r-devel-linux-x86_64-debian-clang | 3.2.3 | 53.66 | 180.45 | 234.11 | OK | |
r-devel-linux-x86_64-debian-gcc | 3.2.3 | 39.08 | 114.96 | 154.04 | OK | |
r-devel-linux-x86_64-fedora-clang | 3.2.3 | 403.59 | OK | |||
r-devel-linux-x86_64-fedora-gcc | 3.2.3 | 421.43 | OK | |||
r-devel-windows-x86_64 | 3.2.3 | 58.00 | 231.00 | 289.00 | OK | |
r-patched-linux-x86_64 | 3.2.3 | 55.82 | 170.74 | 226.56 | OK | |
r-release-linux-x86_64 | 3.2.3 | 51.39 | 167.92 | 219.31 | OK | |
r-release-macos-arm64 | 3.2.3 | 95.00 | NOTE | |||
r-release-macos-x86_64 | 3.2.3 | 150.00 | NOTE | |||
r-release-windows-x86_64 | 3.2.3 | 54.00 | 219.00 | 273.00 | OK | |
r-oldrel-macos-arm64 | 3.2.3 | 92.00 | NOTE | |||
r-oldrel-macos-x86_64 | 3.2.3 | 145.00 | NOTE | |||
r-oldrel-windows-x86_64 | 3.2.3 | 54.00 | 287.00 | 341.00 | OK |
Version: 3.2.3
Check: installed package size
Result: NOTE
installed size is 5.4Mb
sub-directories of 1Mb or more:
libs 3.2Mb
Flavors: r-release-macos-arm64, r-release-macos-x86_64, r-oldrel-macos-arm64, r-oldrel-macos-x86_64