Last updated on 2024-12-19 23:50:35 CET.
Flavor | Version | Tinstall | Tcheck | Ttotal | Status | Flags |
---|---|---|---|---|---|---|
r-devel-linux-x86_64-debian-clang | 0.9.0 | 1.94 | 18.66 | 20.60 | OK | |
r-devel-linux-x86_64-debian-gcc | 0.9.0 | 1.57 | 15.57 | 17.14 | OK | |
r-devel-linux-x86_64-fedora-clang | 0.9.0 | 33.56 | OK | |||
r-devel-linux-x86_64-fedora-gcc | 0.9.0 | 31.58 | OK | |||
r-devel-windows-x86_64 | 0.9.0 | 3.00 | 43.00 | 46.00 | OK | |
r-patched-linux-x86_64 | 0.9.0 | 2.10 | 18.55 | 20.65 | NOTE | |
r-release-linux-x86_64 | 0.9.0 | 1.77 | 17.96 | 19.73 | NOTE | |
r-release-macos-arm64 | 0.9.0 | 14.00 | NOTE | |||
r-release-macos-x86_64 | 0.9.0 | 20.00 | NOTE | |||
r-release-windows-x86_64 | 0.9.0 | 3.00 | 53.00 | 56.00 | NOTE | |
r-oldrel-macos-arm64 | 0.9.0 | 15.00 | NOTE | |||
r-oldrel-macos-x86_64 | 0.9.0 | 20.00 | NOTE | |||
r-oldrel-windows-x86_64 | 0.9.0 | 3.00 | 46.00 | 49.00 | NOTE |
Version: 0.9.0
Check: LazyData
Result: NOTE
'LazyData' is specified without a 'data' directory
Flavors: r-patched-linux-x86_64, r-release-linux-x86_64, r-release-macos-arm64, r-release-macos-x86_64, r-release-windows-x86_64, r-oldrel-macos-arm64, r-oldrel-macos-x86_64, r-oldrel-windows-x86_64