Last updated on 2024-12-19 23:50:35 CET.
Flavor | Version | Tinstall | Tcheck | Ttotal | Status | Flags |
---|---|---|---|---|---|---|
r-devel-linux-x86_64-debian-clang | 0.1.0 | 2.96 | 27.61 | 30.57 | OK | |
r-devel-linux-x86_64-debian-gcc | 0.1.0 | 2.07 | 22.00 | 24.07 | OK | |
r-devel-linux-x86_64-fedora-clang | 0.1.0 | 49.35 | OK | |||
r-devel-linux-x86_64-fedora-gcc | 0.1.0 | 58.71 | OK | |||
r-devel-windows-x86_64 | 0.1.0 | 7.00 | 50.00 | 57.00 | OK | |
r-patched-linux-x86_64 | 0.1.0 | 2.81 | 26.92 | 29.73 | NOTE | |
r-release-linux-x86_64 | 0.1.0 | 2.16 | 26.53 | 28.69 | NOTE | |
r-release-macos-arm64 | 0.1.0 | 27.00 | NOTE | |||
r-release-macos-x86_64 | 0.1.0 | 41.00 | NOTE | |||
r-release-windows-x86_64 | 0.1.0 | 7.00 | 50.00 | 57.00 | NOTE | |
r-oldrel-macos-arm64 | 0.1.0 | 27.00 | NOTE | |||
r-oldrel-macos-x86_64 | 0.1.0 | 37.00 | NOTE | |||
r-oldrel-windows-x86_64 | 0.1.0 | 8.00 | 50.00 | 58.00 | NOTE |
Version: 0.1.0
Check: LazyData
Result: NOTE
'LazyData' is specified without a 'data' directory
Flavors: r-patched-linux-x86_64, r-release-linux-x86_64, r-release-macos-arm64, r-release-macos-x86_64, r-release-windows-x86_64, r-oldrel-macos-arm64, r-oldrel-macos-x86_64, r-oldrel-windows-x86_64
Version: 0.1.0
Check: installed package size
Result: NOTE
installed size is 5.5Mb
sub-directories of 1Mb or more:
doc 2.7Mb
htmlwidgets 2.8Mb
Flavors: r-release-macos-arm64, r-release-macos-x86_64, r-release-windows-x86_64, r-oldrel-macos-arm64, r-oldrel-macos-x86_64, r-oldrel-windows-x86_64