Last updated on 2024-12-19 23:50:35 CET.
Flavor | Version | Tinstall | Tcheck | Ttotal | Status | Flags |
---|---|---|---|---|---|---|
r-devel-linux-x86_64-debian-clang | 3.4 | 5.86 | 40.30 | 46.16 | OK | |
r-devel-linux-x86_64-debian-gcc | 3.4 | 3.55 | 28.46 | 32.01 | OK | |
r-devel-linux-x86_64-fedora-clang | 3.4 | 73.33 | OK | |||
r-devel-linux-x86_64-fedora-gcc | 3.4 | 68.26 | OK | |||
r-devel-windows-x86_64 | 3.4 | 10.00 | 68.00 | 78.00 | NOTE | |
r-patched-linux-x86_64 | 3.4 | 4.74 | 38.24 | 42.98 | OK | |
r-release-linux-x86_64 | 3.4 | 5.41 | 38.04 | 43.45 | OK | |
r-release-macos-arm64 | 3.4 | 26.00 | OK | |||
r-release-macos-x86_64 | 3.4 | 37.00 | OK | |||
r-release-windows-x86_64 | 3.4 | 10.00 | 79.00 | 89.00 | NOTE | |
r-oldrel-macos-arm64 | 3.4 | 26.00 | OK | |||
r-oldrel-macos-x86_64 | 3.4 | 37.00 | OK | |||
r-oldrel-windows-x86_64 | 3.4 | 11.00 | 74.00 | 85.00 | NOTE |
Version: 3.4
Check: C++ specification
Result: NOTE
Specified C++11: please drop specification unless essential
Flavors: r-devel-windows-x86_64, r-release-windows-x86_64, r-oldrel-windows-x86_64