Last updated on 2024-12-19 23:50:35 CET.
Flavor | Version | Tinstall | Tcheck | Ttotal | Status | Flags |
---|---|---|---|---|---|---|
r-devel-linux-x86_64-debian-clang | 0.1.2 | 4.05 | 42.31 | 46.36 | OK | |
r-devel-linux-x86_64-debian-gcc | 0.1.2 | 3.38 | 31.55 | 34.93 | OK | |
r-devel-linux-x86_64-fedora-clang | 0.1.2 | 75.89 | OK | |||
r-devel-linux-x86_64-fedora-gcc | 0.1.2 | 82.41 | OK | |||
r-devel-windows-x86_64 | 0.1.2 | 5.00 | 60.00 | 65.00 | OK | |
r-patched-linux-x86_64 | 0.1.2 | 4.65 | 40.21 | 44.86 | OK | |
r-release-linux-x86_64 | 0.1.2 | 4.54 | 39.45 | 43.99 | OK | |
r-release-macos-arm64 | 0.1.2 | 30.00 | OK | |||
r-release-macos-x86_64 | 0.1.2 | 58.00 | OK | |||
r-release-windows-x86_64 | 0.1.2 | 6.00 | 60.00 | 66.00 | OK | |
r-oldrel-macos-arm64 | 0.1.2 | 6.00 | ERROR | |||
r-oldrel-macos-x86_64 | 0.1.2 | 30.00 | OK | |||
r-oldrel-windows-x86_64 | 0.1.2 | 4.00 | 66.00 | 70.00 | OK |
Version: 0.1.2
Check: package dependencies
Result: ERROR
Package required but not available: ‘Heatplus’
See section ‘The DESCRIPTION file’ in the ‘Writing R Extensions’
manual.
Flavor: r-oldrel-macos-arm64