Last updated on 2024-12-19 23:50:35 CET.
Flavor | Version | Tinstall | Tcheck | Ttotal | Status | Flags |
---|---|---|---|---|---|---|
r-devel-linux-x86_64-debian-clang | 0.1.3 | 35.92 | 18.90 | 54.82 | OK | |
r-devel-linux-x86_64-debian-gcc | 0.1.3 | 29.32 | 14.85 | 44.17 | OK | |
r-devel-linux-x86_64-fedora-clang | 0.1.3 | 114.10 | OK | |||
r-devel-linux-x86_64-fedora-gcc | 0.1.3 | 111.88 | OK | |||
r-devel-windows-x86_64 | 0.1.3 | 45.00 | 58.00 | 103.00 | OK | |
r-patched-linux-x86_64 | 0.1.3 | 35.94 | 18.10 | 54.04 | OK | |
r-release-linux-x86_64 | 0.1.3 | 36.68 | 17.64 | 54.32 | OK | |
r-release-macos-arm64 | 0.1.3 | 41.00 | NOTE | |||
r-release-macos-x86_64 | 0.1.3 | 55.00 | NOTE | |||
r-release-windows-x86_64 | 0.1.3 | 47.00 | 68.00 | 115.00 | OK | |
r-oldrel-macos-arm64 | 0.1.3 | 40.00 | NOTE | |||
r-oldrel-macos-x86_64 | 0.1.3 | 61.00 | NOTE | |||
r-oldrel-windows-x86_64 | 0.1.3 | 49.00 | 63.00 | 112.00 | OK |
Version: 0.1.3
Check: installed package size
Result: NOTE
installed size is 7.4Mb
sub-directories of 1Mb or more:
libs 7.3Mb
Flavors: r-release-macos-arm64, r-release-macos-x86_64, r-oldrel-macos-arm64, r-oldrel-macos-x86_64