Last updated on 2024-12-19 23:50:35 CET.
Flavor | Version | Tinstall | Tcheck | Ttotal | Status | Flags |
---|---|---|---|---|---|---|
r-devel-linux-x86_64-debian-clang | 1.2.33 | 60.66 | 181.89 | 242.55 | OK | |
r-devel-linux-x86_64-debian-gcc | 1.2.33 | 48.30 | 113.30 | 161.60 | OK | |
r-devel-linux-x86_64-fedora-clang | 1.2.33 | 413.86 | OK | |||
r-devel-linux-x86_64-fedora-gcc | 1.2.33 | 391.32 | OK | |||
r-devel-windows-x86_64 | 1.2.33 | 63.00 | 162.00 | 225.00 | OK | |
r-patched-linux-x86_64 | 1.2.33 | 67.81 | 170.02 | 237.83 | OK | |
r-release-linux-x86_64 | 1.2.33 | 64.11 | 165.59 | 229.70 | OK | |
r-release-macos-arm64 | 1.2.33 | 84.00 | NOTE | |||
r-release-macos-x86_64 | 1.2.33 | 120.00 | NOTE | |||
r-release-windows-x86_64 | 1.2.33 | 65.00 | 157.00 | 222.00 | OK | |
r-oldrel-macos-arm64 | 1.2.33 | 96.00 | NOTE | |||
r-oldrel-macos-x86_64 | 1.2.33 | 213.00 | NOTE | |||
r-oldrel-windows-x86_64 | 1.2.33 | 83.00 | 214.00 | 297.00 | OK |
Version: 1.2.33
Check: installed package size
Result: NOTE
installed size is 6.0Mb
sub-directories of 1Mb or more:
extdata 2.6Mb
libs 3.3Mb
Flavors: r-release-macos-arm64, r-release-macos-x86_64, r-oldrel-macos-arm64, r-oldrel-macos-x86_64