CRAN Package Check Results for Package hexSticker

Last updated on 2024-12-19 23:50:35 CET.

Flavor Version Tinstall Tcheck Ttotal Status Flags
r-devel-linux-x86_64-debian-clang 0.4.9 5.89 47.62 53.51 OK
r-devel-linux-x86_64-debian-gcc 0.4.9 4.35 36.25 40.60 OK
r-devel-linux-x86_64-fedora-clang 0.4.9 89.33 OK
r-devel-linux-x86_64-fedora-gcc 0.4.9 79.49 OK
r-devel-windows-x86_64 0.4.9 7.00 65.00 72.00 OK
r-patched-linux-x86_64 0.4.9 5.96 45.10 51.06 NOTE
r-release-linux-x86_64 0.4.9 5.86 44.87 50.73 NOTE
r-release-macos-arm64 0.4.9 27.00 NOTE
r-release-macos-x86_64 0.4.9 43.00 NOTE
r-release-windows-x86_64 0.4.9 8.00 77.00 85.00 NOTE
r-oldrel-macos-arm64 0.4.9 28.00 NOTE
r-oldrel-macos-x86_64 0.4.9 43.00 NOTE
r-oldrel-windows-x86_64 0.4.9 11.00 74.00 85.00 NOTE

Check Details

Version: 0.4.9
Check: LazyData
Result: NOTE 'LazyData' is specified without a 'data' directory Flavors: r-patched-linux-x86_64, r-release-linux-x86_64, r-release-macos-arm64, r-release-macos-x86_64, r-release-windows-x86_64, r-oldrel-macos-arm64, r-oldrel-macos-x86_64, r-oldrel-windows-x86_64