Last updated on 2024-12-19 23:50:35 CET.
Flavor | Version | Tinstall | Tcheck | Ttotal | Status | Flags |
---|---|---|---|---|---|---|
r-devel-linux-x86_64-debian-clang | 0.5-11 | 5.79 | 139.78 | 145.57 | NOTE | |
r-devel-linux-x86_64-debian-gcc | 0.5-11 | 3.55 | 93.63 | 97.18 | NOTE | |
r-devel-linux-x86_64-fedora-clang | 0.5-11 | 236.23 | NOTE | |||
r-devel-linux-x86_64-fedora-gcc | 0.5-11 | 252.86 | NOTE | |||
r-devel-windows-x86_64 | 0.5-11 | 9.00 | 167.00 | 176.00 | NOTE | |
r-patched-linux-x86_64 | 0.5-11 | 7.56 | 140.91 | 148.47 | NOTE | |
r-release-linux-x86_64 | 0.5-11 | 5.30 | 142.95 | 148.25 | NOTE | |
r-release-macos-arm64 | 0.5-11 | 70.00 | NOTE | |||
r-release-macos-x86_64 | 0.5-11 | 116.00 | NOTE | |||
r-release-windows-x86_64 | 0.5-11 | 8.00 | 165.00 | 173.00 | NOTE | |
r-oldrel-macos-arm64 | 0.5-11 | 79.00 | OK | |||
r-oldrel-macos-x86_64 | 0.5-11 | 131.00 | OK | |||
r-oldrel-windows-x86_64 | 0.5-11 | 11.00 | 208.00 | 219.00 | OK |
Version: 0.5-11
Check: Rd files
Result: NOTE
checkRd: (-1) read.VCF.Rd:21: Lost braces
21 | Reads a \url{https://samtools.github.io/hts-specs/}{Variant Call Format (VCF)} file into a BED object,
| ^
Flavors: r-devel-linux-x86_64-debian-clang, r-devel-linux-x86_64-debian-gcc, r-devel-linux-x86_64-fedora-clang, r-devel-linux-x86_64-fedora-gcc, r-devel-windows-x86_64, r-patched-linux-x86_64, r-release-linux-x86_64, r-release-macos-arm64, r-release-macos-x86_64, r-release-windows-x86_64