Last updated on 2024-12-19 23:50:35 CET.
Flavor | Version | Tinstall | Tcheck | Ttotal | Status | Flags |
---|---|---|---|---|---|---|
r-devel-linux-x86_64-debian-clang | 0.2-2 | 4.62 | 38.38 | 43.00 | OK | |
r-devel-linux-x86_64-debian-gcc | 0.2-2 | 3.71 | 27.63 | 31.34 | OK | |
r-devel-linux-x86_64-fedora-clang | 0.2-2 | 72.95 | OK | |||
r-devel-linux-x86_64-fedora-gcc | 0.2-2 | 66.59 | OK | |||
r-devel-windows-x86_64 | 0.2-2 | 5.00 | 56.00 | 61.00 | OK | |
r-patched-linux-x86_64 | 0.2-2 | 4.28 | 36.82 | 41.10 | NOTE | |
r-release-linux-x86_64 | 0.2-2 | 4.41 | 35.87 | 40.28 | NOTE | |
r-release-macos-arm64 | 0.2-2 | 21.00 | NOTE | |||
r-release-macos-x86_64 | 0.2-2 | 35.00 | NOTE | |||
r-release-windows-x86_64 | 0.2-2 | 5.00 | 56.00 | 61.00 | NOTE | |
r-oldrel-macos-arm64 | 0.2-2 | 23.00 | NOTE | |||
r-oldrel-macos-x86_64 | 0.2-2 | 35.00 | NOTE | |||
r-oldrel-windows-x86_64 | 0.2-2 | 5.00 | 62.00 | 67.00 | NOTE |
Version: 0.2-2
Check: package dependencies
Result: NOTE
Package which this enhances but not available for checking: ‘HadoopStreaming’
Flavors: r-patched-linux-x86_64, r-release-linux-x86_64, r-release-macos-arm64, r-release-macos-x86_64, r-release-windows-x86_64, r-oldrel-macos-arm64, r-oldrel-macos-x86_64, r-oldrel-windows-x86_64