Last updated on 2024-12-19 23:50:35 CET.
Flavor | Version | Tinstall | Tcheck | Ttotal | Status | Flags |
---|---|---|---|---|---|---|
r-devel-linux-x86_64-debian-clang | 0.1.2 | 25.52 | 217.78 | 243.30 | OK | |
r-devel-linux-x86_64-debian-gcc | 0.1.2 | 17.46 | 158.20 | 175.66 | OK | |
r-devel-linux-x86_64-fedora-clang | 0.1.2 | 416.24 | OK | |||
r-devel-linux-x86_64-fedora-gcc | 0.1.2 | 390.69 | OK | |||
r-devel-windows-x86_64 | 0.1.2 | 27.00 | 184.00 | 211.00 | OK | |
r-patched-linux-x86_64 | 0.1.2 | 25.31 | 206.46 | 231.77 | NOTE | |
r-release-linux-x86_64 | 0.1.2 | 26.68 | 204.38 | 231.06 | NOTE | |
r-release-macos-arm64 | 0.1.2 | 93.00 | NOTE | |||
r-release-macos-x86_64 | 0.1.2 | 183.00 | NOTE | |||
r-release-windows-x86_64 | 0.1.2 | 29.00 | 180.00 | 209.00 | NOTE | |
r-oldrel-macos-arm64 | 0.1.2 | 95.00 | NOTE | |||
r-oldrel-macos-x86_64 | 0.1.2 | 183.00 | NOTE | |||
r-oldrel-windows-x86_64 | 0.1.2 | 36.00 | 242.00 | 278.00 | NOTE |
Version: 0.1.2
Check: package dependencies
Result: NOTE
Package suggested but not available for checking: ‘microViz’
Flavors: r-patched-linux-x86_64, r-release-linux-x86_64, r-release-macos-arm64, r-release-macos-x86_64, r-release-windows-x86_64, r-oldrel-macos-arm64, r-oldrel-macos-x86_64, r-oldrel-windows-x86_64