Last updated on 2024-12-19 23:50:35 CET.
Flavor | Version | Tinstall | Tcheck | Ttotal | Status | Flags |
---|---|---|---|---|---|---|
r-devel-linux-x86_64-debian-clang | 0.2-2 | 3.93 | 40.14 | 44.07 | NOTE | |
r-devel-linux-x86_64-debian-gcc | 0.2-2 | 2.57 | 31.50 | 34.07 | NOTE | |
r-devel-linux-x86_64-fedora-clang | 0.2-2 | 72.83 | OK | |||
r-devel-linux-x86_64-fedora-gcc | 0.2-2 | 86.24 | OK | |||
r-devel-windows-x86_64 | 0.2-2 | 5.00 | 64.00 | 69.00 | NOTE | |
r-patched-linux-x86_64 | 0.2-2 | 4.88 | 39.18 | 44.06 | OK | |
r-release-linux-x86_64 | 0.2-2 | 3.63 | 37.82 | 41.45 | OK | |
r-release-macos-arm64 | 0.2-2 | 31.00 | OK | |||
r-release-macos-x86_64 | 0.2-2 | 46.00 | OK | |||
r-release-windows-x86_64 | 0.2-2 | 6.00 | 63.00 | 69.00 | OK | |
r-oldrel-macos-arm64 | 0.2-2 | 32.00 | OK | |||
r-oldrel-macos-x86_64 | 0.2-2 | 54.00 | OK | |||
r-oldrel-windows-x86_64 | 0.2-2 | 6.00 | 70.00 | 76.00 | OK |
Version: 0.2-2
Check: Rd cross-references
Result: NOTE
Found the following Rd file(s) with Rd \link{} targets missing package
anchors:
PaillierKeyPair.Rd: R6Class
PaillierPrivateKey.Rd: R6Class
PaillierPublicKey.Rd: R6Class
Please provide package anchors for all Rd \link{} targets not in the
package itself and the base packages.
Flavors: r-devel-linux-x86_64-debian-clang, r-devel-linux-x86_64-debian-gcc, r-devel-windows-x86_64