Last updated on 2024-12-19 23:50:35 CET.
Flavor | Version | Tinstall | Tcheck | Ttotal | Status | Flags |
---|---|---|---|---|---|---|
r-devel-linux-x86_64-debian-clang | 0.5.9 | 37.78 | 358.53 | 396.31 | OK | |
r-devel-linux-x86_64-debian-gcc | 0.5.9 | 21.87 | 224.66 | 246.53 | WARN | |
r-devel-linux-x86_64-fedora-clang | 0.5.9 | 617.45 | OK | |||
r-devel-linux-x86_64-fedora-gcc | 0.5.9 | 594.90 | OK | |||
r-devel-windows-x86_64 | 0.5.9 | 33.00 | 286.00 | 319.00 | OK | |
r-patched-linux-x86_64 | 0.5.9 | 37.80 | 346.82 | 384.62 | OK | |
r-release-linux-x86_64 | 0.5.9 | 35.81 | 345.40 | 381.21 | OK | |
r-release-macos-arm64 | 0.5.9 | 234.00 | OK | |||
r-release-macos-x86_64 | 0.5.9 | 384.00 | OK | |||
r-release-windows-x86_64 | 0.5.9 | 34.00 | 277.00 | 311.00 | OK | |
r-oldrel-macos-arm64 | 0.5.9 | 292.00 | OK | |||
r-oldrel-macos-x86_64 | 0.5.9 | 433.00 | OK | |||
r-oldrel-windows-x86_64 | 0.5.9 | 46.00 | 398.00 | 444.00 | OK |
Version: 0.5.9
Check: for missing documentation entries
Result: WARN
Error: package ‘hyd1d’ could not be loaded
Call sequence:
3: stop(gettextf("package %s could not be loaded", sQuote(pkg)),
call. = FALSE, domain = NA)
2: .getRequiredPackages2(pkgInfo, quietly = quietly, lib.loc = c(lib.loc,
.libPaths()))
1: library(package, lib.loc = lib.loc, character.only = TRUE, verbose = FALSE)
Execution halted
All user-level objects in a package should have documentation entries.
See chapter ‘Writing R documentation files’ in the ‘Writing R
Extensions’ manual.
Flavor: r-devel-linux-x86_64-debian-gcc