CRAN Package Check Results for Package hypergate

Last updated on 2024-12-19 23:50:35 CET.

Flavor Version Tinstall Tcheck Ttotal Status Flags
r-devel-linux-x86_64-debian-clang 0.8.5 2.68 43.58 46.26 OK
r-devel-linux-x86_64-debian-gcc 0.8.5 2.05 30.93 32.98 OK
r-devel-linux-x86_64-fedora-clang 0.8.5 79.55 OK
r-devel-linux-x86_64-fedora-gcc 0.8.5 87.91 OK
r-devel-windows-x86_64 0.8.5 4.00 69.00 73.00 OK
r-patched-linux-x86_64 0.8.5 2.87 41.41 44.28 OK
r-release-linux-x86_64 0.8.5 2.60 41.55 44.15 NOTE
r-release-macos-arm64 0.8.5 28.00 OK
r-release-macos-x86_64 0.8.5 46.00 OK
r-release-windows-x86_64 0.8.5 6.00 68.00 74.00 OK
r-oldrel-macos-arm64 0.8.5 34.00 NOTE
r-oldrel-macos-x86_64 0.8.5 84.00 NOTE
r-oldrel-windows-x86_64 0.8.5 4.00 74.00 78.00 OK

Check Details

Version: 0.8.5
Check: package dependencies
Result: NOTE Package suggested but not available for checking: ‘flowCore’ Flavors: r-release-linux-x86_64, r-oldrel-macos-arm64, r-oldrel-macos-x86_64