CRAN Package Check Results for Package iMRMC

Last updated on 2024-12-19 23:50:35 CET.

Flavor Version Tinstall Tcheck Ttotal Status Flags
r-devel-linux-x86_64-debian-clang 2.1.0 10.76 84.34 95.10 OK
r-devel-linux-x86_64-debian-gcc 2.1.0 6.24 56.44 62.68 OK
r-devel-linux-x86_64-fedora-clang 2.1.0 150.70 OK
r-devel-linux-x86_64-fedora-gcc 2.1.0 142.46 OK
r-devel-windows-x86_64 2.1.0 10.00 94.00 104.00 OK
r-patched-linux-x86_64 2.1.0 10.51 77.66 88.17 OK
r-release-linux-x86_64 2.1.0 8.81 77.74 86.55 OK
r-release-macos-arm64 2.1.0 43.00 NOTE
r-release-macos-x86_64 2.1.0 125.00 NOTE
r-release-windows-x86_64 2.1.0 12.00 112.00 124.00 NOTE
r-oldrel-macos-arm64 2.1.0 46.00 NOTE
r-oldrel-macos-x86_64 2.1.0 104.00 NOTE
r-oldrel-windows-x86_64 2.1.0 12.00 117.00 129.00 NOTE

Check Details

Version: 2.1.0
Check: installed package size
Result: NOTE installed size is 5.3Mb sub-directories of 1Mb or more: java 4.2Mb Flavors: r-release-macos-arm64, r-release-macos-x86_64, r-release-windows-x86_64, r-oldrel-macos-arm64, r-oldrel-macos-x86_64, r-oldrel-windows-x86_64