CRAN Package Check Results for Package igate

Last updated on 2024-12-19 23:50:35 CET.

Flavor Version Tinstall Tcheck Ttotal Status Flags
r-devel-linux-x86_64-debian-clang 0.3.3 5.78 60.49 66.27 OK
r-devel-linux-x86_64-debian-gcc 0.3.3 4.30 45.36 49.66 OK
r-devel-linux-x86_64-fedora-clang 0.3.3 107.78 NOTE
r-devel-linux-x86_64-fedora-gcc 0.3.3 113.81 NOTE
r-devel-windows-x86_64 0.3.3 7.00 80.00 87.00 OK
r-patched-linux-x86_64 0.3.3 6.15 57.21 63.36 OK
r-release-linux-x86_64 0.3.3 4.90 56.81 61.71 OK
r-release-macos-arm64 0.3.3 38.00 OK
r-release-macos-x86_64 0.3.3 58.00 OK
r-release-windows-x86_64 0.3.3 8.00 77.00 85.00 OK
r-oldrel-macos-arm64 0.3.3 40.00 OK
r-oldrel-macos-x86_64 0.3.3 59.00 OK
r-oldrel-windows-x86_64 0.3.3 9.00 90.00 99.00 OK

Check Details

Version: 0.3.3
Check: dependencies in R code
Result: NOTE Namespaces in Imports field not imported from: ‘kableExtra’ ‘knitr’ ‘xtable’ All declared Imports should be used. Flavors: r-devel-linux-x86_64-fedora-clang, r-devel-linux-x86_64-fedora-gcc