CRAN Package Check Results for Package ihpdr

Last updated on 2024-12-19 23:50:35 CET.

Flavor Version Tinstall Tcheck Ttotal Status Flags
r-devel-linux-x86_64-debian-clang 1.2.1 5.14 48.23 53.37 OK
r-devel-linux-x86_64-debian-gcc 1.2.1 4.57 36.56 41.13 OK
r-devel-linux-x86_64-fedora-clang 1.2.1 87.74 OK
r-devel-linux-x86_64-fedora-gcc 1.2.1 82.10 OK
r-devel-windows-x86_64 1.2.1 7.00 67.00 74.00 OK
r-patched-linux-x86_64 1.2.1 5.61 45.60 51.21 NOTE
r-release-linux-x86_64 1.2.1 5.10 45.20 50.30 NOTE
r-release-macos-arm64 1.2.1 38.00 NOTE
r-release-macos-x86_64 1.2.1 48.00 NOTE
r-release-windows-x86_64 1.2.1 10.00 65.00 75.00 NOTE
r-oldrel-macos-arm64 1.2.1 33.00 NOTE
r-oldrel-macos-x86_64 1.2.1 42.00 NOTE
r-oldrel-windows-x86_64 1.2.1 8.00 74.00 82.00 NOTE

Check Details

Version: 1.2.1
Check: LazyData
Result: NOTE 'LazyData' is specified without a 'data' directory Flavors: r-patched-linux-x86_64, r-release-linux-x86_64, r-release-macos-arm64, r-release-macos-x86_64, r-release-windows-x86_64, r-oldrel-macos-arm64, r-oldrel-macos-x86_64, r-oldrel-windows-x86_64