Last updated on 2024-12-19 23:50:35 CET.
Flavor | Version | Tinstall | Tcheck | Ttotal | Status | Flags |
---|---|---|---|---|---|---|
r-devel-linux-x86_64-debian-clang | 0.4.0 | 26.92 | 31.66 | 58.58 | OK | |
r-devel-linux-x86_64-debian-gcc | 0.4.0 | 23.24 | 27.94 | 51.18 | OK | |
r-devel-linux-x86_64-fedora-clang | 0.4.0 | 104.34 | OK | |||
r-devel-linux-x86_64-fedora-gcc | 0.4.0 | 129.97 | OK | |||
r-devel-windows-x86_64 | 0.4.0 | 29.00 | 73.00 | 102.00 | OK | |
r-patched-linux-x86_64 | 0.4.0 | 33.07 | 34.02 | 67.09 | OK | |
r-release-linux-x86_64 | 0.4.0 | 30.57 | 34.36 | 64.93 | OK | |
r-release-macos-arm64 | 0.4.0 | 54.00 | NOTE | |||
r-release-macos-x86_64 | 0.4.0 | 120.00 | NOTE | |||
r-release-windows-x86_64 | 0.4.0 | 29.00 | 90.00 | 119.00 | OK | |
r-oldrel-macos-arm64 | 0.4.0 | 55.00 | NOTE | |||
r-oldrel-macos-x86_64 | 0.4.0 | 113.00 | NOTE | |||
r-oldrel-windows-x86_64 | 0.4.0 | 35.00 | 84.00 | 119.00 | OK |
Version: 0.4.0
Check: installed package size
Result: NOTE
installed size is 13.3Mb
sub-directories of 1Mb or more:
libs 12.1Mb
Flavors: r-release-macos-arm64, r-release-macos-x86_64, r-oldrel-macos-arm64, r-oldrel-macos-x86_64