CRAN Package Check Results for Package incR

Last updated on 2024-12-19 23:50:35 CET.

Flavor Version Tinstall Tcheck Ttotal Status Flags
r-devel-linux-x86_64-debian-clang 2.1.0 2.92 37.40 40.32 NOTE
r-devel-linux-x86_64-debian-gcc 2.1.0 2.32 28.28 30.60 NOTE
r-devel-linux-x86_64-fedora-clang 2.1.0 67.62 OK
r-devel-linux-x86_64-fedora-gcc 2.1.0 75.32 OK
r-devel-windows-x86_64 2.1.0 5.00 68.00 73.00 NOTE
r-patched-linux-x86_64 2.1.0 6.89 35.35 42.24 OK
r-release-linux-x86_64 2.1.0 3.16 35.90 39.06 OK
r-release-macos-arm64 2.1.0 29.00 OK
r-release-macos-x86_64 2.1.0 44.00 OK
r-release-windows-x86_64 2.1.0 6.00 65.00 71.00 OK
r-oldrel-macos-arm64 2.1.0 30.00 OK
r-oldrel-macos-x86_64 2.1.0 54.00 OK
r-oldrel-windows-x86_64 2.1.0 7.00 69.00 76.00 OK

Check Details

Version: 2.1.0
Check: Rd cross-references
Result: NOTE Found the following Rd file(s) with Rd \link{} targets missing package anchors: incRplot.Rd: ggplot2 incRt.Rd: getSunlightTimes Please provide package anchors for all Rd \link{} targets not in the package itself and the base packages. Flavors: r-devel-linux-x86_64-debian-clang, r-devel-linux-x86_64-debian-gcc, r-devel-windows-x86_64