Last updated on 2024-12-19 23:50:35 CET.
Flavor | Version | Tinstall | Tcheck | Ttotal | Status | Flags |
---|---|---|---|---|---|---|
r-devel-linux-x86_64-debian-clang | 1.0.1 | 10.92 | 33.63 | 44.55 | NOTE | |
r-devel-linux-x86_64-debian-gcc | 1.0.1 | 6.83 | 24.58 | 31.41 | NOTE | |
r-devel-linux-x86_64-fedora-clang | 1.0.1 | 75.15 | NOTE | |||
r-devel-linux-x86_64-fedora-gcc | 1.0.1 | 71.98 | NOTE | |||
r-devel-windows-x86_64 | 1.0.1 | 12.00 | 71.00 | 83.00 | NOTE | |
r-patched-linux-x86_64 | 1.0.1 | 9.63 | 32.06 | 41.69 | OK | |
r-release-linux-x86_64 | 1.0.1 | 10.64 | 32.25 | 42.89 | OK | |
r-release-macos-arm64 | 1.0.1 | 26.00 | OK | |||
r-release-macos-x86_64 | 1.0.1 | 36.00 | OK | |||
r-release-windows-x86_64 | 1.0.1 | 13.00 | 82.00 | 95.00 | OK | |
r-oldrel-macos-arm64 | 1.0.1 | 32.00 | OK | |||
r-oldrel-macos-x86_64 | 1.0.1 | 63.00 | OK | |||
r-oldrel-windows-x86_64 | 1.0.1 | 13.00 | 78.00 | 91.00 | OK |
Version: 1.0.1
Check: compiled code
Result: NOTE
File ‘indexthis/libs/indexthis.so’:
Found non-API call to R: ‘STRING_PTR’
Compiled code should not call non-API entry points in R.
See ‘Writing portable packages’ in the ‘Writing R Extensions’ manual,
and section ‘Moving into C API compliance’ for issues with the use of
non-API entry points.
Flavors: r-devel-linux-x86_64-debian-clang, r-devel-linux-x86_64-debian-gcc, r-devel-linux-x86_64-fedora-clang, r-devel-linux-x86_64-fedora-gcc
Version: 1.0.1
Check: compiled code
Result: NOTE
File 'indexthis/libs/x64/indexthis.dll':
Found non-API call to R: 'STRING_PTR'
Compiled code should not call non-API entry points in R.
See 'Writing portable packages' in the 'Writing R Extensions' manual,
and section 'Moving into C API compliance' for issues with the use of
non-API entry points.
Flavor: r-devel-windows-x86_64