CRAN Package Check Results for Package interpretCI

Last updated on 2024-12-19 23:50:35 CET.

Flavor Version Tinstall Tcheck Ttotal Status Flags
r-devel-linux-x86_64-debian-clang 0.1.1 10.28 168.24 178.52 OK
r-devel-linux-x86_64-debian-gcc 0.1.1 5.95 123.52 129.47 OK
r-devel-linux-x86_64-fedora-clang 0.1.1 301.34 NOTE
r-devel-linux-x86_64-fedora-gcc 0.1.1 305.17 NOTE
r-devel-windows-x86_64 0.1.1 13.00 178.00 191.00 OK
r-patched-linux-x86_64 0.1.1 10.28 157.54 167.82 OK
r-release-linux-x86_64 0.1.1 9.31 157.40 166.71 OK
r-release-macos-arm64 0.1.1 90.00 OK
r-release-macos-x86_64 0.1.1 133.00 OK
r-release-windows-x86_64 0.1.1 14.00 170.00 184.00 OK
r-oldrel-macos-arm64 0.1.1 90.00 OK
r-oldrel-macos-x86_64 0.1.1 168.00 OK
r-oldrel-windows-x86_64 0.1.1 15.00 209.00 224.00 OK

Check Details

Version: 0.1.1
Check: dependencies in R code
Result: NOTE Namespace in Imports field not imported from: ‘moonBook’ All declared Imports should be used. Flavors: r-devel-linux-x86_64-fedora-clang, r-devel-linux-x86_64-fedora-gcc