Last updated on 2024-12-19 23:50:35 CET.
Flavor | Version | Tinstall | Tcheck | Ttotal | Status | Flags |
---|---|---|---|---|---|---|
r-devel-linux-x86_64-debian-clang | 1.0.2 | 4.36 | 123.34 | 127.70 | OK | |
r-devel-linux-x86_64-debian-gcc | 1.0.2 | 3.56 | 96.79 | 100.35 | OK | |
r-devel-linux-x86_64-fedora-clang | 1.0.2 | 216.83 | OK | |||
r-devel-linux-x86_64-fedora-gcc | 1.0.2 | 236.25 | OK | |||
r-devel-windows-x86_64 | 1.0.2 | 7.00 | 130.00 | 137.00 | OK | |
r-patched-linux-x86_64 | 1.0.2 | 5.30 | 115.39 | 120.69 | NOTE | |
r-release-linux-x86_64 | 1.0.2 | 5.16 | 124.98 | 130.14 | NOTE | |
r-release-macos-arm64 | 1.0.2 | 65.00 | NOTE | |||
r-release-macos-x86_64 | 1.0.2 | 102.00 | NOTE | |||
r-release-windows-x86_64 | 1.0.2 | 8.00 | 126.00 | 134.00 | NOTE | |
r-oldrel-macos-arm64 | 1.0.2 | 79.00 | NOTE | |||
r-oldrel-macos-x86_64 | 1.0.2 | 121.00 | NOTE | |||
r-oldrel-windows-x86_64 | 1.0.2 | 9.00 | 165.00 | 174.00 | NOTE |
Version: 1.0.2
Check: LazyData
Result: NOTE
'LazyData' is specified without a 'data' directory
Flavors: r-patched-linux-x86_64, r-release-linux-x86_64, r-release-macos-arm64, r-release-macos-x86_64, r-release-windows-x86_64, r-oldrel-macos-arm64, r-oldrel-macos-x86_64, r-oldrel-windows-x86_64