Last updated on 2024-12-19 23:50:35 CET.
Flavor | Version | Tinstall | Tcheck | Ttotal | Status | Flags |
---|---|---|---|---|---|---|
r-devel-linux-x86_64-debian-clang | 0.7.4 | 64.11 | 79.12 | 143.23 | OK | |
r-devel-linux-x86_64-debian-gcc | 0.7.4 | 46.75 | 62.19 | 108.94 | OK | |
r-devel-linux-x86_64-fedora-clang | 0.7.4 | 250.28 | OK | |||
r-devel-linux-x86_64-fedora-gcc | 0.7.4 | 287.11 | OK | |||
r-devel-windows-x86_64 | 0.7.4 | 68.00 | 118.00 | 186.00 | OK | |
r-patched-linux-x86_64 | 0.7.4 | 64.14 | 82.41 | 146.55 | OK | |
r-release-linux-x86_64 | 0.7.4 | 65.90 | 80.68 | 146.58 | OK | |
r-release-macos-arm64 | 0.7.4 | 71.00 | NOTE | |||
r-release-macos-x86_64 | 0.7.4 | 93.00 | NOTE | |||
r-release-windows-x86_64 | 0.7.4 | 69.00 | 111.00 | 180.00 | OK | |
r-oldrel-macos-arm64 | 0.7.4 | 75.00 | NOTE | |||
r-oldrel-macos-x86_64 | 0.7.4 | 143.00 | NOTE | |||
r-oldrel-windows-x86_64 | 0.7.4 | 78.00 | 138.00 | 216.00 | OK |
Version: 0.7.4
Check: installed package size
Result: NOTE
installed size is 13.5Mb
sub-directories of 1Mb or more:
libs 12.2Mb
Flavors: r-release-macos-arm64, r-release-macos-x86_64, r-oldrel-macos-arm64, r-oldrel-macos-x86_64