Last updated on 2024-12-19 23:50:35 CET.
Flavor | Version | Tinstall | Tcheck | Ttotal | Status | Flags |
---|---|---|---|---|---|---|
r-devel-linux-x86_64-debian-clang | 4.0 | 11.58 | 211.64 | 223.22 | OK | |
r-devel-linux-x86_64-debian-gcc | 4.1 | 7.75 | 76.62 | 84.37 | OK | |
r-devel-linux-x86_64-fedora-clang | 4.1 | 205.09 | OK | |||
r-devel-linux-x86_64-fedora-gcc | 4.1 | 210.07 | OK | |||
r-devel-windows-x86_64 | 4.1 | 17.00 | 160.00 | 177.00 | OK | |
r-patched-linux-x86_64 | 4.1 | 13.73 | 100.91 | 114.64 | NOTE | |
r-release-linux-x86_64 | 4.1 | 10.69 | 105.76 | 116.45 | NOTE | |
r-release-macos-arm64 | 4.1 | 70.00 | NOTE | |||
r-release-macos-x86_64 | 4.1 | 145.00 | NOTE | |||
r-release-windows-x86_64 | 4.0 | 16.00 | 231.00 | 247.00 | OK | |
r-oldrel-macos-arm64 | 4.1 | 68.00 | NOTE | |||
r-oldrel-macos-x86_64 | 4.1 | 141.00 | NOTE | |||
r-oldrel-windows-x86_64 | 4.0 | 18.00 | 277.00 | 295.00 | OK |
Version: 4.1
Check: package dependencies
Result: NOTE
Package suggested but not available for checking: ‘Rmpi’
Flavors: r-patched-linux-x86_64, r-release-linux-x86_64, r-release-macos-arm64, r-release-macos-x86_64, r-oldrel-macos-arm64, r-oldrel-macos-x86_64