CRAN Package Check Results for Package isodistrreg

Last updated on 2024-12-19 23:50:36 CET.

Flavor Version Tinstall Tcheck Ttotal Status Flags
r-devel-linux-x86_64-debian-clang 0.1.0 24.82 78.01 102.83 OK
r-devel-linux-x86_64-debian-gcc 0.1.0 18.23 57.58 75.81 OK
r-devel-linux-x86_64-fedora-clang 0.1.0 171.32 NOTE
r-devel-linux-x86_64-fedora-gcc 0.1.0 185.29 NOTE
r-devel-windows-x86_64 0.1.0 28.00 117.00 145.00 OK
r-patched-linux-x86_64 0.1.0 25.33 72.37 97.70 OK
r-release-linux-x86_64 0.1.0 24.24 74.23 98.47 OK
r-release-macos-arm64 0.1.0 55.00 OK
r-release-macos-x86_64 0.1.0 73.00 OK
r-release-windows-x86_64 0.1.0 30.00 111.00 141.00 OK
r-oldrel-macos-arm64 0.1.0 59.00 OK
r-oldrel-macos-x86_64 0.1.0 96.00 OK
r-oldrel-windows-x86_64 0.1.0 29.00 138.00 167.00 OK

Check Details

Version: 0.1.0
Check: dependencies in R code
Result: NOTE Namespace in Imports field not imported from: ‘Rcpp’ All declared Imports should be used. Flavors: r-devel-linux-x86_64-fedora-clang, r-devel-linux-x86_64-fedora-gcc