CRAN Package Check Results for Package ivdesign

Last updated on 2024-12-19 23:50:36 CET.

Flavor Version Tinstall Tcheck Ttotal Status Flags
r-devel-linux-x86_64-debian-clang 0.1.0 1.81 19.88 21.69 OK
r-devel-linux-x86_64-debian-gcc 0.1.0 1.48 15.99 17.47 OK
r-devel-linux-x86_64-fedora-clang 0.1.0 37.06 OK
r-devel-linux-x86_64-fedora-gcc 0.1.0 34.77 OK
r-devel-windows-x86_64 0.1.0 4.00 43.00 47.00 OK
r-patched-linux-x86_64 0.1.0 1.98 19.09 21.07 NOTE
r-release-linux-x86_64 0.1.0 2.00 19.19 21.19 NOTE
r-release-macos-arm64 0.1.0 15.00 NOTE
r-release-macos-x86_64 0.1.0 22.00 NOTE
r-release-windows-x86_64 0.1.0 3.00 52.00 55.00 NOTE
r-oldrel-macos-arm64 0.1.0 15.00 NOTE
r-oldrel-macos-x86_64 0.1.0 19.00 NOTE
r-oldrel-windows-x86_64 0.1.0 3.00 47.00 50.00 NOTE

Check Details

Version: 0.1.0
Check: package dependencies
Result: NOTE Package suggested but not available for checking: ‘gurobi’ Flavors: r-patched-linux-x86_64, r-release-linux-x86_64, r-release-macos-arm64, r-release-macos-x86_64, r-release-windows-x86_64, r-oldrel-macos-arm64, r-oldrel-macos-x86_64, r-oldrel-windows-x86_64