CRAN Package Check Results for Package ivx

Last updated on 2024-12-19 23:50:36 CET.

Flavor Version Tinstall Tcheck Ttotal Status Flags
r-devel-linux-x86_64-debian-clang 1.1.0 26.51 43.96 70.47 NOTE
r-devel-linux-x86_64-debian-gcc 1.1.0 21.45 32.11 53.56 NOTE
r-devel-linux-x86_64-fedora-clang 1.1.0 125.35 NOTE
r-devel-linux-x86_64-fedora-gcc 1.1.0 131.25 NOTE
r-devel-windows-x86_64 1.1.0 31.00 84.00 115.00 NOTE
r-patched-linux-x86_64 1.1.0 28.51 40.94 69.45 NOTE
r-release-linux-x86_64 1.1.0 30.07 41.08 71.15 NOTE
r-release-macos-arm64 1.1.0 37.00 NOTE
r-release-macos-x86_64 1.1.0 47.00 NOTE
r-release-windows-x86_64 1.1.0 32.00 78.00 110.00 NOTE
r-oldrel-macos-arm64 1.1.0 36.00 NOTE
r-oldrel-macos-x86_64 1.1.0 56.00 NOTE
r-oldrel-windows-x86_64 1.1.0 37.00 96.00 133.00 NOTE

Check Details

Version: 1.1.0
Check: C++ specification
Result: NOTE Specified C++11: please drop specification unless essential Flavors: r-devel-linux-x86_64-debian-clang, r-devel-linux-x86_64-debian-gcc, r-devel-linux-x86_64-fedora-clang, r-devel-linux-x86_64-fedora-gcc, r-devel-windows-x86_64, r-patched-linux-x86_64, r-release-linux-x86_64, r-release-macos-arm64, r-release-macos-x86_64, r-release-windows-x86_64, r-oldrel-macos-arm64, r-oldrel-macos-x86_64, r-oldrel-windows-x86_64