CRAN Package Check Results for Package joinet

Last updated on 2024-12-19 23:50:36 CET.

Flavor Version Tinstall Tcheck Ttotal Status Flags
r-devel-linux-x86_64-debian-clang 1.0.0 2.52 56.44 58.96 OK
r-devel-linux-x86_64-debian-gcc 1.0.0 1.99 40.60 42.59 OK
r-devel-linux-x86_64-fedora-clang 1.0.0 96.59 OK
r-devel-linux-x86_64-fedora-gcc 1.0.0 108.53 OK
r-devel-windows-x86_64 1.0.0 4.00 78.00 82.00 OK
r-patched-linux-x86_64 1.0.0 2.30 53.91 56.21 NOTE
r-release-linux-x86_64 1.0.0 2.46 53.61 56.07 NOTE
r-release-macos-arm64 1.0.0 48.00 NOTE
r-release-macos-x86_64 1.0.0 80.00 NOTE
r-release-windows-x86_64 1.0.0 4.00 76.00 80.00 NOTE
r-oldrel-macos-arm64 1.0.0 59.00 NOTE
r-oldrel-macos-x86_64 1.0.0 111.00 NOTE
r-oldrel-windows-x86_64 1.0.0 4.00 87.00 91.00 NOTE

Check Details

Version: 1.0.0
Check: package dependencies
Result: NOTE Package suggested but not available for checking: ‘remMap’ Flavors: r-patched-linux-x86_64, r-release-linux-x86_64, r-release-macos-arm64, r-release-macos-x86_64, r-release-windows-x86_64, r-oldrel-macos-arm64, r-oldrel-macos-x86_64, r-oldrel-windows-x86_64