Last updated on 2024-12-19 23:50:36 CET.
Flavor | Version | Tinstall | Tcheck | Ttotal | Status | Flags |
---|---|---|---|---|---|---|
r-devel-linux-x86_64-debian-clang | 2.6.0 | 6.37 | 39.73 | 46.10 | OK | |
r-devel-linux-x86_64-debian-gcc | 2.6.0 | 4.34 | 29.94 | 34.28 | OK | |
r-devel-linux-x86_64-fedora-clang | 2.6.0 | 70.23 | OK | |||
r-devel-linux-x86_64-fedora-gcc | 2.6.0 | 66.24 | OK | |||
r-devel-windows-x86_64 | 2.6.0 | 14.00 | 67.00 | 81.00 | OK | |
r-patched-linux-x86_64 | 2.6.0 | 6.17 | 37.26 | 43.43 | OK | |
r-release-linux-x86_64 | 2.6.0 | 4.91 | 37.08 | 41.99 | OK | |
r-release-macos-arm64 | 2.6.0 | 29.00 | NOTE | |||
r-release-macos-x86_64 | 2.6.0 | 38.00 | NOTE | |||
r-release-windows-x86_64 | 2.6.0 | 17.00 | 78.00 | 95.00 | OK | |
r-oldrel-macos-arm64 | 2.6.0 | 32.00 | NOTE | |||
r-oldrel-macos-x86_64 | 2.6.0 | 57.00 | NOTE | |||
r-oldrel-windows-x86_64 | 2.6.0 | 15.00 | 72.00 | 87.00 | OK |
Version: 2.6.0
Check: installed package size
Result: NOTE
installed size is 6.7Mb
sub-directories of 1Mb or more:
examples 2.8Mb
htmlwidgets 1.1Mb
www 2.7Mb
Flavors: r-release-macos-arm64, r-release-macos-x86_64, r-oldrel-macos-arm64, r-oldrel-macos-x86_64