CRAN Package Check Results for Package jsonStrings

Last updated on 2024-12-19 23:50:36 CET.

Flavor Version Tinstall Tcheck Ttotal Status Flags
r-devel-linux-x86_64-debian-clang 2.1.1 26.93 28.54 55.47 OK
r-devel-linux-x86_64-debian-gcc 2.1.1 20.87 21.03 41.90 OK
r-devel-linux-x86_64-fedora-clang 2.1.1 88.15 OK
r-devel-linux-x86_64-fedora-gcc 2.1.1 102.19 OK
r-devel-windows-x86_64 2.1.1 27.00 72.00 99.00 OK
r-patched-linux-x86_64 2.1.1 28.38 26.40 54.78 OK
r-release-linux-x86_64 2.1.1 26.55 26.70 53.25 OK
r-release-macos-arm64 2.1.1 29.00 NOTE
r-release-macos-x86_64 2.1.1 50.00 NOTE
r-release-windows-x86_64 2.1.1 25.00 75.00 100.00 OK
r-oldrel-macos-arm64 2.1.1 32.00 NOTE
r-oldrel-macos-x86_64 2.1.1 47.00 NOTE
r-oldrel-windows-x86_64 2.1.1 25.00 78.00 103.00 OK

Check Details

Version: 2.1.1
Check: installed package size
Result: NOTE installed size is 5.7Mb sub-directories of 1Mb or more: libs 4.7Mb Flavors: r-release-macos-arm64, r-release-macos-x86_64, r-oldrel-macos-arm64, r-oldrel-macos-x86_64