CRAN Package Check Results for Package jubilee

Last updated on 2024-12-19 23:50:36 CET.

Flavor Version Tinstall Tcheck Ttotal Status Flags
r-devel-linux-x86_64-debian-clang 0.3.3 6.85 73.77 80.62 OK
r-devel-linux-x86_64-debian-gcc 0.3.3 5.16 53.35 58.51 OK
r-devel-linux-x86_64-fedora-clang 0.3.3 131.83 OK
r-devel-linux-x86_64-fedora-gcc 0.3.3 136.09 OK
r-devel-windows-x86_64 0.3.3 10.00 136.00 146.00 OK
r-patched-linux-x86_64 0.3.3 7.12 70.17 77.29 NOTE
r-release-linux-x86_64 0.3.3 5.92 70.44 76.36 NOTE
r-release-macos-arm64 0.3.3 49.00 NOTE
r-release-macos-x86_64 0.3.3 74.00 NOTE
r-release-windows-x86_64 0.3.3 10.00 133.00 143.00 NOTE
r-oldrel-macos-arm64 0.3.3 47.00 NOTE
r-oldrel-macos-x86_64 0.3.3 83.00 NOTE
r-oldrel-windows-x86_64 0.3.3 11.00 145.00 156.00 NOTE

Check Details

Version: 0.3.3
Check: LazyData
Result: NOTE 'LazyData' is specified without a 'data' directory Flavors: r-patched-linux-x86_64, r-release-linux-x86_64, r-release-macos-arm64, r-release-macos-x86_64, r-release-windows-x86_64, r-oldrel-macos-arm64, r-oldrel-macos-x86_64, r-oldrel-windows-x86_64