CRAN Package Check Results for Package klic

Last updated on 2024-12-19 23:50:36 CET.

Flavor Version Tinstall Tcheck Ttotal Status Flags
r-devel-linux-x86_64-debian-clang 1.0.4 2.81 24.58 27.39 OK
r-devel-linux-x86_64-debian-gcc 1.0.4 1.94 18.66 20.60 OK
r-devel-linux-x86_64-fedora-clang 1.0.4 44.90 OK
r-devel-linux-x86_64-fedora-gcc 1.0.4 56.94 OK
r-devel-windows-x86_64 1.0.4 4.00 51.00 55.00 OK
r-patched-linux-x86_64 1.0.4 3.17 24.36 27.53 NOTE
r-release-linux-x86_64 1.0.4 2.70 24.30 27.00 NOTE
r-release-macos-arm64 1.0.4 24.00 NOTE
r-release-macos-x86_64 1.0.4 35.00 NOTE
r-release-windows-x86_64 1.0.4 5.00 48.00 53.00 NOTE
r-oldrel-macos-arm64 1.0.4 26.00 NOTE
r-oldrel-macos-x86_64 1.0.4 35.00 NOTE
r-oldrel-windows-x86_64 1.0.4 5.00 47.00 52.00 NOTE

Check Details

Version: 1.0.4
Check: LazyData
Result: NOTE 'LazyData' is specified without a 'data' directory Flavors: r-patched-linux-x86_64, r-release-linux-x86_64, r-release-macos-arm64, r-release-macos-x86_64, r-release-windows-x86_64, r-oldrel-macos-arm64, r-oldrel-macos-x86_64, r-oldrel-windows-x86_64