Last updated on 2024-12-19 23:50:36 CET.
Flavor | Version | Tinstall | Tcheck | Ttotal | Status | Flags |
---|---|---|---|---|---|---|
r-devel-linux-x86_64-debian-clang | 2.1.0 | 2.32 | 73.29 | 75.61 | OK | |
r-devel-linux-x86_64-debian-gcc | 2.1.0 | 1.76 | 50.75 | 52.51 | OK | |
r-devel-linux-x86_64-fedora-clang | 2.1.0 | 120.95 | OK | |||
r-devel-linux-x86_64-fedora-gcc | 2.1.0 | 126.49 | OK | |||
r-devel-windows-x86_64 | 2.1.0 | 4.00 | 89.00 | 93.00 | OK | |
r-patched-linux-x86_64 | 2.1.0 | 2.69 | 69.18 | 71.87 | OK | |
r-release-linux-x86_64 | 2.1.0 | 1.96 | 67.42 | 69.38 | OK | |
r-release-macos-arm64 | 2.1.0 | 57.00 | OK | |||
r-release-macos-x86_64 | 2.1.0 | 12.00 | ERROR | |||
r-release-windows-x86_64 | 2.1.0 | 3.00 | 85.00 | 88.00 | OK | |
r-oldrel-macos-arm64 | 2.1.0 | 9.00 | ERROR | |||
r-oldrel-macos-x86_64 | 2.1.0 | 11.00 | ERROR | |||
r-oldrel-windows-x86_64 | 2.1.0 | 1.00 | 8.00 | 9.00 | ERROR |
Version: 2.1.0
Check: package dependencies
Result: ERROR
Package required but not available: ‘pwalign’
See section ‘The DESCRIPTION file’ in the ‘Writing R Extensions’
manual.
Flavors: r-release-macos-x86_64, r-oldrel-macos-arm64, r-oldrel-macos-x86_64, r-oldrel-windows-x86_64