Last updated on 2024-12-19 23:50:36 CET.
Flavor | Version | Tinstall | Tcheck | Ttotal | Status | Flags |
---|---|---|---|---|---|---|
r-devel-linux-x86_64-debian-clang | 1.0 | 25.80 | 55.20 | 81.00 | NOTE | |
r-devel-linux-x86_64-debian-gcc | 1.0 | 21.06 | 41.49 | 62.55 | NOTE | |
r-devel-linux-x86_64-fedora-clang | 1.0 | 139.84 | NOTE | |||
r-devel-linux-x86_64-fedora-gcc | 1.0 | 137.89 | NOTE | |||
r-devel-windows-x86_64 | 1.0 | 29.00 | 86.00 | 115.00 | NOTE | |
r-patched-linux-x86_64 | 1.0 | 24.83 | 52.29 | 77.12 | NOTE | |
r-release-linux-x86_64 | 1.0 | 27.85 | 51.62 | 79.47 | NOTE | |
r-release-macos-arm64 | 1.0 | 39.00 | NOTE | |||
r-release-macos-x86_64 | 1.0 | 59.00 | NOTE | |||
r-release-windows-x86_64 | 1.0 | 28.00 | 94.00 | 122.00 | NOTE | |
r-oldrel-macos-arm64 | 1.0 | 44.00 | NOTE | |||
r-oldrel-macos-x86_64 | 1.0 | 72.00 | NOTE | |||
r-oldrel-windows-x86_64 | 1.0 | 33.00 | 102.00 | 135.00 | NOTE |
Version: 1.0
Check: C++ specification
Result: NOTE
Specified C++11: please drop specification unless essential
Flavors: r-devel-linux-x86_64-debian-clang, r-devel-linux-x86_64-debian-gcc, r-devel-linux-x86_64-fedora-clang, r-devel-linux-x86_64-fedora-gcc, r-devel-windows-x86_64, r-patched-linux-x86_64, r-release-linux-x86_64, r-release-macos-arm64, r-release-macos-x86_64, r-release-windows-x86_64, r-oldrel-macos-arm64, r-oldrel-macos-x86_64, r-oldrel-windows-x86_64