CRAN Package Check Results for Package lamle

Last updated on 2024-12-19 23:50:36 CET.

Flavor Version Tinstall Tcheck Ttotal Status Flags
r-devel-linux-x86_64-debian-clang 0.3.1 90.58 67.79 158.37 OK
r-devel-linux-x86_64-debian-gcc 0.3.1 62.77 43.28 106.05 OK
r-devel-linux-x86_64-fedora-clang 0.3.1 241.05 OK
r-devel-linux-x86_64-fedora-gcc 0.3.1 259.46 OK
r-devel-windows-x86_64 0.3.1 67.00 103.00 170.00 OK
r-patched-linux-x86_64 0.3.1 83.51 63.88 147.39 OK
r-release-linux-x86_64 0.3.1 79.78 62.52 142.30 OK
r-release-macos-arm64 0.3.1 62.00 NOTE
r-release-macos-x86_64 0.3.1 98.00 NOTE
r-release-windows-x86_64 0.3.1 71.00 95.00 166.00 OK
r-oldrel-macos-arm64 0.3.1 66.00 NOTE
r-oldrel-macos-x86_64 0.3.1 193.00 NOTE
r-oldrel-windows-x86_64 0.3.1 87.00 117.00 204.00 OK

Check Details

Version: 0.3.1
Check: installed package size
Result: NOTE installed size is 8.4Mb sub-directories of 1Mb or more: libs 8.2Mb Flavors: r-release-macos-arm64, r-release-macos-x86_64, r-oldrel-macos-arm64, r-oldrel-macos-x86_64