Last updated on 2024-12-19 23:50:36 CET.
Flavor | Version | Tinstall | Tcheck | Ttotal | Status | Flags |
---|---|---|---|---|---|---|
r-devel-linux-x86_64-debian-clang | 1.1.0 | 1.58 | 17.52 | 19.10 | NOTE | |
r-devel-linux-x86_64-debian-gcc | 1.1.0 | 1.25 | 14.67 | 15.92 | NOTE | |
r-devel-linux-x86_64-fedora-clang | 1.1.0 | 30.72 | OK | |||
r-devel-linux-x86_64-fedora-gcc | 1.1.0 | 28.80 | OK | |||
r-devel-windows-x86_64 | 1.1.0 | 3.00 | 42.00 | 45.00 | OK | |
r-patched-linux-x86_64 | 1.1.0 | 1.62 | 16.98 | 18.60 | NOTE | |
r-release-linux-x86_64 | 1.1.0 | 1.55 | 16.87 | 18.42 | NOTE | |
r-release-macos-arm64 | 1.1.0 | 14.00 | OK | |||
r-release-macos-x86_64 | 1.1.0 | 19.00 | OK | |||
r-release-windows-x86_64 | 1.1.0 | 4.00 | 50.00 | 54.00 | OK | |
r-oldrel-macos-arm64 | 1.1.0 | 15.00 | OK | |||
r-oldrel-macos-x86_64 | 1.1.0 | 19.00 | OK | |||
r-oldrel-windows-x86_64 | 1.1.0 | 2.00 | 40.00 | 42.00 | OK |
Version: 1.1.0
Check: R code for possible problems
Result: NOTE
Found the following calls to attach():
File ‘lazyData/R/requireData.R’:
attach(NULL, pos = pos, name = searchDataName)
See section ‘Good practice’ in ‘?attach’.
Flavors: r-devel-linux-x86_64-debian-clang, r-devel-linux-x86_64-debian-gcc, r-patched-linux-x86_64, r-release-linux-x86_64