Last updated on 2024-12-19 23:50:36 CET.
Flavor | Version | Tinstall | Tcheck | Ttotal | Status | Flags |
---|---|---|---|---|---|---|
r-devel-linux-x86_64-debian-clang | 0.5.3 | 369.05 | 76.36 | 445.41 | OK | |
r-devel-linux-x86_64-debian-gcc | 0.5.3 | 252.24 | 52.01 | 304.25 | OK | |
r-devel-linux-x86_64-fedora-clang | 0.5.3 | 919.79 | OK | |||
r-devel-linux-x86_64-fedora-gcc | 0.5.3 | 1022.12 | OK | |||
r-devel-windows-x86_64 | 0.5.3 | 380.00 | 153.00 | 533.00 | OK | |
r-patched-linux-x86_64 | 0.5.3 | 376.49 | 69.87 | 446.36 | OK | |
r-release-linux-x86_64 | 0.5.3 | 358.59 | 69.97 | 428.56 | OK | |
r-release-macos-arm64 | 0.5.3 | 208.00 | NOTE | |||
r-release-macos-x86_64 | 0.5.3 | 244.00 | NOTE | |||
r-release-windows-x86_64 | 0.5.3 | 416.00 | 143.00 | 559.00 | OK | |
r-oldrel-macos-arm64 | 0.5.3 | 274.00 | NOTE | |||
r-oldrel-macos-x86_64 | 0.5.3 | 199.00 | NOTE | |||
r-oldrel-windows-x86_64 | 0.5.3 | 499.00 | 170.00 | 669.00 | OK |
Version: 0.5.3
Check: installed package size
Result: NOTE
installed size is 26.2Mb
sub-directories of 1Mb or more:
libs 24.8Mb
Flavors: r-release-macos-arm64, r-release-macos-x86_64, r-oldrel-macos-arm64, r-oldrel-macos-x86_64