Last updated on 2024-12-19 23:50:36 CET.
Flavor | Version | Tinstall | Tcheck | Ttotal | Status | Flags |
---|---|---|---|---|---|---|
r-devel-linux-x86_64-debian-clang | 2.0.0 | 2.11 | 25.63 | 27.74 | OK | |
r-devel-linux-x86_64-debian-gcc | 2.0.0 | 1.58 | 20.38 | 21.96 | OK | |
r-devel-linux-x86_64-fedora-clang | 2.0.0 | 44.30 | OK | |||
r-devel-linux-x86_64-fedora-gcc | 2.0.0 | 42.47 | OK | |||
r-devel-windows-x86_64 | 2.0.0 | 4.00 | 55.00 | 59.00 | OK | |
r-patched-linux-x86_64 | 2.0.0 | 1.91 | 24.36 | 26.27 | OK | |
r-release-linux-x86_64 | 2.0.0 | 1.68 | 24.46 | 26.14 | OK | |
r-release-macos-arm64 | 2.0.0 | 21.00 | NOTE | |||
r-release-macos-x86_64 | 2.0.0 | 46.00 | OK | |||
r-release-windows-x86_64 | 2.0.0 | 4.00 | 63.00 | 67.00 | OK | |
r-oldrel-macos-arm64 | 2.0.0 | 23.00 | OK | |||
r-oldrel-macos-x86_64 | 2.0.0 | 45.00 | OK | |||
r-oldrel-windows-x86_64 | 2.0.0 | 4.00 | 55.00 | 59.00 | OK |
Version: 2.0.0
Check: package dependencies
Result: NOTE
Package suggested but not available for checking: ‘V8’
Flavor: r-release-macos-arm64