Last updated on 2024-12-19 23:50:36 CET.
Flavor | Version | Tinstall | Tcheck | Ttotal | Status | Flags |
---|---|---|---|---|---|---|
r-devel-linux-x86_64-debian-clang | 0.1.31 | 217.49 | 35.28 | 252.77 | OK | |
r-devel-linux-x86_64-debian-gcc | 0.1.31 | 160.98 | 28.21 | 189.19 | OK | |
r-devel-linux-x86_64-fedora-clang | 0.1.31 | 469.73 | OK | |||
r-devel-linux-x86_64-fedora-gcc | 0.1.31 | 507.28 | OK | |||
r-devel-windows-x86_64 | 0.1.31 | 350.00 | 99.00 | 449.00 | OK | |
r-patched-linux-x86_64 | 0.1.31 | 216.43 | 33.72 | 250.15 | OK | |
r-release-linux-x86_64 | 0.1.31 | 219.11 | 33.49 | 252.60 | OK | |
r-release-macos-arm64 | 0.1.31 | 126.00 | NOTE | |||
r-release-macos-x86_64 | 0.1.31 | 156.00 | NOTE | |||
r-release-windows-x86_64 | 0.1.31 | 335.00 | 98.00 | 433.00 | NOTE | |
r-oldrel-macos-arm64 | 0.1.31 | 128.00 | NOTE | |||
r-oldrel-macos-x86_64 | 0.1.31 | 148.00 | NOTE | |||
r-oldrel-windows-x86_64 | 0.1.31 | 377.00 | 121.00 | 498.00 | NOTE |
Version: 0.1.31
Check: installed package size
Result: NOTE
installed size is 16.1Mb
sub-directories of 1Mb or more:
libs 15.7Mb
Flavors: r-release-macos-arm64, r-release-macos-x86_64, r-release-windows-x86_64, r-oldrel-macos-arm64, r-oldrel-macos-x86_64, r-oldrel-windows-x86_64