CRAN Package Check Results for Package lgpr

Last updated on 2024-12-19 23:50:36 CET.

Flavor Version Tinstall Tcheck Ttotal Status Flags
r-devel-linux-x86_64-debian-clang 1.2.4 490.17 215.14 705.31 NOTE
r-devel-linux-x86_64-debian-gcc 1.2.4 465.42 183.96 649.38 NOTE
r-devel-linux-x86_64-fedora-clang 1.2.4 1122.63 NOTE
r-devel-linux-x86_64-fedora-gcc 1.2.4 1581.96 NOTE
r-devel-windows-x86_64 1.2.4 451.00 276.00 727.00 NOTE
r-patched-linux-x86_64 1.2.4 583.50 254.36 837.86 NOTE
r-release-linux-x86_64 1.2.4 577.68 248.71 826.39 NOTE
r-release-macos-arm64 1.2.4 282.00 NOTE
r-release-macos-x86_64 1.2.4 350.00 NOTE
r-release-windows-x86_64 1.2.4 453.00 260.00 713.00 NOTE
r-oldrel-macos-arm64 1.2.4 350.00 NOTE
r-oldrel-macos-x86_64 1.2.4 628.00 NOTE
r-oldrel-windows-x86_64 1.2.4 645.00 330.00 975.00 NOTE

Check Details

Version: 1.2.4
Check: Rd files
Result: NOTE checkRd: (-1) prior_to_num.Rd:13: Lost braces; missing escapes or markup? 13 | {'uniform', 'normal', 'student-t', 'gamma', 'inv-gamma', 'log-normal'} | ^ Flavors: r-devel-linux-x86_64-debian-clang, r-devel-linux-x86_64-debian-gcc, r-devel-linux-x86_64-fedora-clang, r-devel-linux-x86_64-fedora-gcc, r-devel-windows-x86_64, r-patched-linux-x86_64, r-release-linux-x86_64, r-release-macos-arm64, r-release-macos-x86_64, r-release-windows-x86_64

Version: 1.2.4
Check: for GNU extensions in Makefiles
Result: NOTE GNU make is a SystemRequirements. Flavors: r-patched-linux-x86_64, r-release-linux-x86_64, r-release-macos-arm64, r-release-macos-x86_64, r-release-windows-x86_64, r-oldrel-macos-arm64, r-oldrel-macos-x86_64, r-oldrel-windows-x86_64

Version: 1.2.4
Check: installed package size
Result: NOTE installed size is 115.6Mb sub-directories of 1Mb or more: libs 114.3Mb Flavors: r-release-macos-arm64, r-release-macos-x86_64, r-release-windows-x86_64, r-oldrel-macos-arm64, r-oldrel-macos-x86_64, r-oldrel-windows-x86_64