CRAN Package Check Results for Package lineartestr

Last updated on 2024-12-19 23:50:36 CET.

Flavor Version Tinstall Tcheck Ttotal Status Flags
r-devel-linux-x86_64-debian-clang 1.0.0 1.57 29.65 31.22 OK
r-devel-linux-x86_64-debian-gcc 1.0.0 1.61 22.88 24.49 OK
r-devel-linux-x86_64-fedora-clang 1.0.0 51.03 OK
r-devel-linux-x86_64-fedora-gcc 1.0.0 49.64 OK
r-devel-windows-x86_64 1.0.0 4.00 67.00 71.00 OK
r-patched-linux-x86_64 1.0.0 2.21 28.48 30.69 NOTE
r-release-linux-x86_64 1.0.0 2.09 28.46 30.55 NOTE
r-release-macos-arm64 1.0.0 21.00 NOTE
r-release-macos-x86_64 1.0.0 30.00 NOTE
r-release-windows-x86_64 1.0.0 6.00 58.00 64.00 NOTE
r-oldrel-macos-arm64 1.0.0 20.00 NOTE
r-oldrel-macos-x86_64 1.0.0 28.00 NOTE
r-oldrel-windows-x86_64 1.0.0 4.00 61.00 65.00 NOTE

Check Details

Version: 1.0.0
Check: LazyData
Result: NOTE 'LazyData' is specified without a 'data' directory Flavors: r-patched-linux-x86_64, r-release-linux-x86_64, r-release-macos-arm64, r-release-macos-x86_64, r-release-windows-x86_64, r-oldrel-macos-arm64, r-oldrel-macos-x86_64, r-oldrel-windows-x86_64