Last updated on 2024-12-19 23:50:37 CET.
Flavor | Version | Tinstall | Tcheck | Ttotal | Status | Flags |
---|---|---|---|---|---|---|
r-devel-linux-x86_64-debian-clang | 0.1.1 | 12.04 | 99.50 | 111.54 | OK | |
r-devel-linux-x86_64-debian-gcc | 0.1.1 | 9.05 | 69.43 | 78.48 | OK | |
r-devel-linux-x86_64-fedora-clang | 0.1.1 | 173.91 | NOTE | |||
r-devel-linux-x86_64-fedora-gcc | 0.1.1 | 167.64 | NOTE | |||
r-devel-windows-x86_64 | 0.1.1 | 14.00 | 106.00 | 120.00 | OK | |
r-patched-linux-x86_64 | 0.1.1 | 13.05 | 92.39 | 105.44 | OK | |
r-release-linux-x86_64 | 0.1.1 | 12.03 | 91.70 | 103.73 | OK | |
r-release-macos-arm64 | 0.1.1 | 51.00 | OK | |||
r-release-macos-x86_64 | 0.1.1 | 78.00 | OK | |||
r-release-windows-x86_64 | 0.1.1 | 14.00 | 114.00 | 128.00 | OK | |
r-oldrel-macos-arm64 | 0.1.1 | 66.00 | OK | |||
r-oldrel-macos-x86_64 | 0.1.1 | 110.00 | OK | |||
r-oldrel-windows-x86_64 | 0.1.1 | 16.00 | 129.00 | 145.00 | OK |
Version: 0.1.1
Check: dependencies in R code
Result: NOTE
Namespace in Imports field not imported from: ‘lestat’
All declared Imports should be used.
Flavors: r-devel-linux-x86_64-fedora-clang, r-devel-linux-x86_64-fedora-gcc