CRAN Package Check Results for Package logisticRR

Last updated on 2024-12-19 23:50:37 CET.

Flavor Version Tinstall Tcheck Ttotal Status Flags
r-devel-linux-x86_64-debian-clang 0.3.0 3.16 39.57 42.73 OK
r-devel-linux-x86_64-debian-gcc 0.3.0 2.17 28.50 30.67 OK
r-devel-linux-x86_64-fedora-clang 0.3.0 70.63 OK
r-devel-linux-x86_64-fedora-gcc 0.3.0 79.75 OK
r-devel-windows-x86_64 0.3.0 3.00 64.00 67.00 OK
r-patched-linux-x86_64 0.3.0 2.92 37.65 40.57 NOTE
r-release-linux-x86_64 0.3.0 3.02 38.30 41.32 NOTE
r-release-macos-arm64 0.3.0 27.00 NOTE
r-release-macos-x86_64 0.3.0 44.00 NOTE
r-release-windows-x86_64 0.3.0 4.00 61.00 65.00 NOTE
r-oldrel-macos-arm64 0.3.0 29.00 NOTE
r-oldrel-macos-x86_64 0.3.0 47.00 NOTE
r-oldrel-windows-x86_64 0.3.0 4.00 65.00 69.00 NOTE

Check Details

Version: 0.3.0
Check: LazyData
Result: NOTE 'LazyData' is specified without a 'data' directory Flavors: r-patched-linux-x86_64, r-release-linux-x86_64, r-release-macos-arm64, r-release-macos-x86_64, r-release-windows-x86_64, r-oldrel-macos-arm64, r-oldrel-macos-x86_64, r-oldrel-windows-x86_64