CRAN Package Check Results for Package lrd

Last updated on 2024-12-19 23:50:37 CET.

Flavor Version Tinstall Tcheck Ttotal Status Flags
r-devel-linux-x86_64-debian-clang 0.1.0 3.05 42.48 45.53 OK
r-devel-linux-x86_64-debian-gcc 0.1.0 2.03 31.22 33.25 OK
r-devel-linux-x86_64-fedora-clang 0.1.0 75.38 NOTE
r-devel-linux-x86_64-fedora-gcc 0.1.0 85.43 NOTE
r-devel-windows-x86_64 0.1.0 4.00 97.00 101.00 OK
r-patched-linux-x86_64 0.1.0 3.29 40.26 43.55 OK
r-release-linux-x86_64 0.1.0 2.88 40.19 43.07 OK
r-release-macos-arm64 0.1.0 32.00 OK
r-release-macos-x86_64 0.1.0 47.00 OK
r-release-windows-x86_64 0.1.0 5.00 68.00 73.00 OK
r-oldrel-macos-arm64 0.1.0 34.00 OK
r-oldrel-macos-x86_64 0.1.0 49.00 OK
r-oldrel-windows-x86_64 0.1.0 5.00 71.00 76.00 OK

Check Details

Version: 0.1.0
Check: dependencies in R code
Result: NOTE Namespace in Imports field not imported from: ‘knitr’ All declared Imports should be used. Flavors: r-devel-linux-x86_64-fedora-clang, r-devel-linux-x86_64-fedora-gcc